igit of 2660012866?
0
What is the units digit of 574860718?
8
What is the tens digit of 461811197?
9
What is the tens digit of 302604336?
3
What is the thousands digit of 321719474?
9
What is the ten thousands digit of 1568970265?
7
What is the units digit of 390944688?
8
What is the millions digit of 298370116?
8
What is the ten thousands digit of 4995434261?
3
What is the hundreds digit of 174140020?
0
What is the hundreds digit of 338768787?
7
What is the hundred thousands digit of 191412924?
4
What is the hundreds digit of 58625674?
6
What is the ten thousands digit of 43080409?
8
What is the ten millions digit of 153347041?
5
What is the hundred thousands digit of 9564915?
5
What is the hundreds digit of 38476780?
7
What is the hundred millions digit of 181390956?
1
What is the units digit of 4843955963?
3
What is the thousands digit of 2200759751?
9
What is the thousands digit of 542452250?
2
What is the ten thousands digit of 4537114?
3
What is the ten thousands digit of 1750073300?
7
What is the ten thousands digit of 43733044?
3
What is the ten thousands digit of 199492313?
9
What is the ten millions digit of 5949470248?
4
What is the hundred thousands digit of 62630944?
6
What is the hundreds digit of 1080297541?
5
What is the thousands digit of 24334413?
4
What is the ten thousands digit of 43859412?
5
What is the millions digit of 100348506?
0
What is the thousands digit of 183144995?
4
What is the ten thousands digit of 14279634?
7
What is the hundred millions digit of 295329759?
2
What is the ten thousands digit of 74810672?
1
What is the hundreds digit of 718205900?
9
What is the ten millions digit of 144927028?
4
What is the units digit of 9796693?
3
What is the millions digit of 12877112?
2
What is the hundreds digit of 113022995?
9
What is the millions digit of 515064636?
5
What is the hundred thousands digit of 1293352118?
3
What is the units digit of 36541842?
2
What is the tens digit of 71019766?
6
What is the ten thousands digit of 32735022?
3
What is the ten millions digit of 178809250?
7
What is the hundreds digit of 917901046?
0
What is the millions digit of 63952204?
3
What is the hundred thousands digit of 1304874136?
8
What is the millions digit of 1049146331?
9
What is the tens digit of 63338189?
8
What is the ten millions digit of 1221479592?
2
What is the ten millions digit of 37292481?
3
What is the thousands digit of 653543389?
3
What is the hundred thousands digit of 2441034174?
0
What is the ten millions digit of 40799970?
4
What is the hundred millions digit of 379437501?
3
What is the ten thousands digit of 2188326899?
2
What is the ten millions digit of 1547361134?
4
What is the ten millions digit of 14091288?
1
What is the tens digit of 2263356051?
5
What is the millions digit of 166745307?
6
What is the hundreds digit of 1173704788?
7
What is the ten thousands digit of 460707025?
0
What is the hundred millions digit of 307642153?
3
What is the ten millions digit of 87282376?
8
What is the hundreds digit of 47423068?
0
What is the hundred millions digit of 1376909290?
3
What is the millions digit of 1957445268?
7
What is the hundred thousands digit of 4015092?
0
What is the thousands digit of 401680367?
0
What is the ten thousands digit of 26197076?
9
What is the thousands digit of 906121725?
1
What is the ten millions digit of 1042635246?
4
What is the hundred thousands digit of 37647047?
6
What is the hundred thousands digit of 578918776?
9
What is the hundred millions digit of 3269043796?
2
What is the units digit of 425827317?
7
What is the thousands digit of 128419901?
9
What is the hundred thousands digit of 497937888?
9
What is the ten thousands digit of 216915385?
1
What is the hundred thousands digit of 841612470?
6
What is the hundred thousands digit of 339651?
3
What is the units digit of 5746054?
4
What is the units digit of 49786991?
1
What is the ten thousands digit of 53310738?
1
What is the hundred thousands digit of 242935028?
9
What is the ten thousands digit of 21331829?
3
What is the units digit of 66403350?
0
What is the millions digit of 104601291?
4
What is the hundreds digit of 29914352?
3
What is the hundred millions digit of 972120522?
9
What is the tens digit of 1673887162?
6
What is the hundred thousands digit of 2347619645?
6
What is the hundreds digit of 80566735?
7
What is the units digit of 699391549?
9
What is the hundreds digit of 3238008664?
6
What is the ten millions digit of 406711860?
0
What is the thousands digit of 538817570?
7
What is the thousands digit of 44878550?
8
What is the ten millions digit of 319169298?
1
What is the hundred thousands digit of 19487308?
4
What is the ten thousands digit of 613170979?
7
What is the billions digit of 1831631826?
1
What is the billions digit of 2883273459?
2
What is the units digit of 7249615528?
8
What is the units digit of 22038283?
3
What is the ten thousands digit of 207192027?
9
What is the hundred thousands digit of 3281127809?
1
What is the hundred thousands digit of 234149997?
1
What is the ten thousands digit of 1992456620?
5
What is the ten millions digit of 681919915?
8
What is the thousands digit of 1420650912?
0
What is the ten thousands digit of 3067593549?
9
What is the hundred thousands digit of 153514844?
5
What is the tens digit of 137695531?
3
What is the thousands digit of 42438052?
8
What is the billions digit of 1509521306?
1
What is the ten millions digit of 74863114?
7
What is the ten thousands digit of 2478729267?
2
What is the hundreds digit of 1345832775?
7
What is the millions digit of 4697802289?
7
What is the hundreds digit of 1801097141?
1
What is the tens digit of 6007260?
6
What is the ten thousands digit of 2807042002?
4
What is the billions digit of 2911950391?
2
What is the hundred millions digit of 442166811?
4
What is the millions digit of 449611346?
9
What is the units digit of 122816212?
2
What is the hundreds digit of 213763629?
6
What is the hundreds digit of 566586809?
8
What is the hundreds digit of 5593896611?
6
What is the units digit of 31870581?
1
What is the tens digit of 4422224?
2
What is the ten thousands digit of 325624305?
2
What is the ten thousands digit of 27693244?
9
What is the hundred thousands digit of 14464999?
4
What is the ten thousands digit of 4929707339?
0
What is the ten thousands digit of 52056773?
5
What is the hundreds digit of 280759016?
0
What is the thousands digit of 2484620208?
0
What is the ten thousands digit of 43464117?
6
What is the thousands digit of 190149031?
9
What is the thousands digit of 23137557?
7
What is the hundreds digit of 1390555716?
7
What is the millions digit of 237583583?
7
What is the hundreds digit of 819096233?
2
What is the units digit of 2179727735?
5
What is the tens digit of 259059356?
5
What is the hundred thousands digit of 688502420?
5
What is the units digit of 42120449?
9
What is the millions digit of 420678623?
0
What is the ten millions digit of 6012136104?
1
What is the units digit of 145495102?
2
What is the ten thousands digit of 269550681?
5
What is the hundred thousands digit of 154011193?
0
What is the tens digit of 841663782?
8
What is the hundred millions digit of 136545471?
1
What is the millions digit of 1192047450?
2
What is the millions digit of 998779868?
8
What is the ten thousands digit of 2740679970?
7
What is the thousands digit of 26666190?
6
What is the hundred thousands digit of 2902932806?
9
What is the hundreds digit of 373219?
2
What is the thousands digit of 26960467?
0
What is the units digit of 2103490279?
9
What is the hundred thousands digit of 285471341?
4
What is the hundred thousands digit of 4288412789?
4
What is the hundred thousands digit of 9063313?
0
What is the thousands digit of 15316534?
6
What is the hundreds digit of 267849654?
6
What is the tens digit of 64292224?
2
What is the tens digit of 56650401?
0
What is the units digit of 4620034013?
3
What is the billions digit of 3255124676?
3
What is the units digit of 2066556055?
5
What is the tens digit of 632265881?
8
What is the hundreds digit of 30171566?
5
What is the hundreds digit of 7825884777?
7
What is the ten thousands digit of 1203122509?
2
What is the millions digit of 299548491?
9
What is the tens digit of 13